erivative of 42*o**2 + 8*o + 33. What is the tens digit of y(2)?
7
Suppose -m = 3*y - 16, y + 4*m - 16 = m. Suppose 60*z + y = 61*z. Suppose -z*c - 48 = -344. What is the units digit of c?
4
Let d = 38 - 31. Let x(a) = -a + 13 + 5*a - 3*a + 22. What is the tens digit of x(d)?
4
Suppose 0 = 23*v - 4626 - 9289. Let p = 797 - v. What is the tens digit of p?
9
What is the tens digit of (-3 + (2 - (6 + -10)))/(6/102806)?
0
Let s be 4*(-6)/(-84) - 4/14. Suppose 1610 = 4*n + o, -2*n + o - 6*o + 814 = s. What is the hundreds digit of n?
4
What is the thousands digit of 36/48 - (-21)/4 - -4809?
4
Let i(r) = r**3 + 1. Let j be i(-1). Suppose -2*y + 32 = 5*l, j*y - 4*y = -l + 2. What is the units digit of 0 - (-56 + l/(-2))?
9
Let o(h) = 5*h**3 - 7*h**2 + 12*h - 2. Suppose -5*s = -q - 20, -s + q + 9 = 1. What is the units digit of o(s)?
6
Let i(k) = -103*k - 13. Let t(v) = 101*v + 14. Let o(q) = -5*i(q) - 6*t(q). What is the units digit of o(-4)?
5
What is the hundreds digit of (-300)/90*2/(-10)*(-52560)/(-5)?
0
Let n = -267 + 269. Suppose 4*r - 2*z = 4016, -14*r + 4000 = -10*r + n*z. What is the units digit of r?
2
Let t = 69 - 43. Suppose 0 = 5*b - 3*k - t - 579, 3*b - 363 = 3*k. Suppose 4*y = -3*h - 0*h + b, 0 = -4*h + 3*y + 128. What is the units digit of h?
5
Suppose -5*i = 2*l - 136794, 2*i - l = -7563 + 62268. What is the units digit of i?
6
Let q = 22 + -59. Suppose 4*u - 226 + 14 = -4*b, 2*b = u + 121. Let s = b - q. What is the tens digit of s?
9
Let p(h) = -2*h**3 - 15*h**2 + 8*h + 2. Let u be p(-8). Let g be 2*(-2)/u + -4. Let c(q) = q**2 + q - 2. What is the tens digit of c(g)?
2
Let h be 5 + -7 - (2 - 1) - 268. Let p = h - -883. What is the tens digit of p?
1
Suppose n + 5*f = 18792 - 4827, -2*f - 2 = 0. What is the tens digit of n?
7
Let j(f) = 975*f + 111. Let a be j(2). Suppose -z + 691 = -c, -4*z - a = -7*z - c. What is the tens digit of z?
8
Let f(a) = 51*a**2 - 335*a + 6762. What is the ten thousands digit of f(19)?
1
What is the tens digit of (-15)/5 + 4013 + 16/(-4)?
0
Suppose -466 + 478 = 4*f. What is the hundreds digit of (-1 - -2 - f)*(-3825)/10?
7
Suppose -3*h = -14*t + 15*t - 29024, 3*t + h = 87072. Suppose -65*l + 116254 = t. What is the thousands digit of l?
1
Suppose 5*f = -5*h + 16820, -f + 2*h = 528 - 3874. What is the hundreds digit of f?
3
Let q = 53 + -49. Suppose -10 = g - 4*f, 5*g - q*f - 1 = -f. What is the hundreds digit of (-716)/(-7) + g/(-7) + 2?
1
Let i(v) = -2*v**3 + 39*v**2 + 31*v - 22. What is the hundreds digit of i(15)?
4
Suppose -2*t = 2*g - 73208, -21*t + g = -24*t + 109814. What is the tens digit of t?
0
Let d = 44 + -141. Let z = 99 + d. Suppose -z*c - 8*c + 1800 = 0. What is the units digit of c?
0
Let u = -3476 + 9488. What is the thousands digit of u?
6
Let j(g) = 710*g**3 + 3*g**2 + 31*g - 106. What is the units digit of j(3)?
4
Suppose -3*s + 7 + 219 + 77 = 0. What is the tens digit of s?
0
Let r(o) = o**3 + 7*o**2 - 16*o + 19. Let k = -105 - -113. What is the tens digit of r(k)?
5
Let j = 200 - 200. Suppose -5*w = -2*z - 1200 + 377, -3*w - 3*z + 498 = j. What is the units digit of w?
5
Let l(h) = -h**3 - 4*h**2 - 4*h - 1. Let o be l(-2). Let s be -1*(o + 1)*-1. Suppose 5*j = 2*z + z + 261, j - 4*z - 59 = s. What is the tens digit of j?
5
Suppose m - 16*m + 45 = 0. Suppose m*n - 138 - 2797 = 4*b, 0 = 3*n + 2*b - 2911. What is the hundreds digit of n?
9
Let o(j) = j**3 - 20*j**2 + 19*j + 6. Let q be o(19). Suppose q*y - 6*y = -3*y. What is the tens digit of (y - -2 - 3 - 94)*-1?
9
Suppose 7*o - 2 - 5 = 0. Let x be (1 + -2)*(-18 - -3)*o. What is the units digit of 156/x + (28/(-20) - -1)?
0
Let z = 23780 - 13113. What is the thousands digit of z?
0
Suppose 8*l = -14*l + 128*l - 1403440. What is the thousands digit of l?
3
Let n = 4044 - 1802. What is the hundreds digit of n?
2
Let p be (-537*(-3)/6)/(24/32). Suppose 4*k - 940 = t + p, -3*t = 5*k - 1614. What is the hundreds digit of k?
3
Let z(o) = 61*o - 4. Let h be z(6). Let n = h + -257. What is the tens digit of n?
0
Let r(t) = 105*t + 6*t - 408*t + 125*t - 220. What is the units digit of r(-8)?
6
Let j(h) = 3*h - 7. Suppose 0*n - 3 = -2*n + y, -2*y + 22 = 3*n. Let t be j(n). Suppose 0 = 3*c + 2*p - 75 - 53, 0 = -c + t*p + 71. What is the tens digit of c?
4
Suppose 0 = 3*j + q - 39116, 16*j + 3*q + 52133 = 20*j. What is the hundreds digit of j?
0
Let k(r) be the first derivative of -r**4/4 - 4*r**3/3 - r**2 - 8*r - 39. Let i be k(-4). Suppose i = -5*s + 935 - 275. What is the tens digit of s?
3
Let g be (2/(-3))/(19836/(-9909) - -2). Let c = 337 + g. What is the units digit of c?
4
What is the hundreds digit of ((-64)/(-20))/(-8) + 194151/15 + -7?
9
Let x be (-1732)/(-7) - ((-50)/14 + 3). Suppose -246*y = -x*y + 10. Suppose -5*a + 408 = 2*z, 300 = -a + y*a - 5*z. What is the units digit of a?
0
Let h be (-2 - -3*2) + 220. Let u = h - 379. Let j = u - -235. What is the units digit of j?
0
Suppose -f - 518 = 3*u, -7*f + 2*f = -4*u - 659. What is the thousands digit of -1*u/(-9)*-73?
1
Let l(b) = -26*b + 14. Let p(v) = 34 + 36 - 71 + v. Let z(m) = -l(m) - 5*p(m). What is the units digit of z(4)?
5
Suppose -166*v = 174*v - 348*v + 28448. What is the hundreds digit of v?
5
Let t(n) = 8*n + 56. Let b be t(21). Let h = b + 22. What is the tens digit of h?
4
Suppose 6*f = f + 890. Let w = f + -81. Suppose -2*k + w - 1 = 0. What is the tens digit of k?
4
Let l = 104 - 83. Suppose 2*f - 8*g = -5*g + 7, -5*f + 4*g + l = 0. Suppose f*n = -4*j + 835, 0 = -n - n + 3*j + 334. What is the hundreds digit of n?
1
Let q = 1219 - 666. Let k = -495 + q. What is the units digit of k?
8
Let j be ((-3)/1)/(-4 - (-4 - -1)). Let r be j - (-2 + (-9)/(-6))*-2. What is the units digit of 164/r - 5 - (0 + 2)?
5
What is the units digit of -2 - (-2177 + (12/(-48) - (-3)/(-4)))?
6
Suppose -r - 3 = 0, -5*m + 3*r = -805 - 1119. Suppose -2*v + 5*a = -3*v + m, 365 = v - 4*a. What is the tens digit of v?
7
Suppose -12*y = -436311 + 106658 - 151163. What is the ten thousands digit of y?
4
Let c(t) = 1214*t - 13272. What is the hundreds digit of c(79)?
6
Let f be 2*-1*(-4)/(-8). Suppose 15*g - 814 = -214. What is the tens digit of 7300/g - f/2?
8
What is the hundreds digit of (10509769/(-1687))/(0 - (-1)/(-7))?
6
Let u be 4/(-18) + (-26)/(-117) - -136. Let o = u + -74. What is the tens digit of o?
6
Let v(c) = -c**3 - 2*c**2 - 4*c - 5. Let s be v(-2). Suppose 4*m + m + 20 = 0, s*m + 513 = r. What is the units digit of r?
1
Suppose -4*y + 22943 + 42329 = 0. What is the ten thousands digit of y?
1
Let l = 4185 - -93. Let g = l + -3031. What is the units digit of g?
7
Let m = -20 + 25. Let l(w) = -w**3 + 4*w**2 + 6*w - 2. Let t be l(m). Suppose -4*g + 380 = 4*s, 4*g + t*s - 404 = 7*s. What is the tens digit of g?
9
Let y(b) = b**2 - 2*b - 13. Let p be y(-3). Let o be (-2)/(p/(-1))*(-1 - -8). What is the hundreds digit of 1 - o/(28/(-488))?
1
Let j(f) = 5*f**3 - 7*f**2 + 19. Let b be j(7). Suppose 2*i - b = -5*v, -3*v + i = 2*v - 1397. What is the tens digit of v?
7
Let s(b) = 8*b**3 + 3*b**2 - 4*b + 156. What is the hundreds digit of s(9)?
1
Let z(v) = v**2 - 4*v - 38. Let b be z(8). What is the units digit of 505 + 9*(-4)/b?
1
Let q be 7/9 - (-2)/9. Let z(s) = -11 + 103*s**2 - 3 + 6*s - 3 - 6 + 18. What is the units digit of z(q)?
4
Let t be ((-1)/2 - 0) + 5733/14. Let d = -120 + t. What is the hundreds digit of d?
2
What is the hundreds digit of (-164)/(-2050) + (-475396)/(-50)?
5
Suppose 2*i + 20 = 6*i. Suppose i*v - 274 = -9. Suppose -3*y + 28 = -v. What is the units digit of y?
7
Let w = -20 - -69. Let i = 46 - w. What is the units digit of 976/10 + i/5?
7
Let z = 9134 - -529. What is the units digit of z?
3
Suppose 5*c - 30 = -2*u, 4*c + 0*u - 24 = -3*u. Suppose c*l - 8 = 100. Suppose -12 = 3*w - l. What is the units digit of w?
2
Let i(v) = v**3 + 7*v**2 + 5*v. Let o be i(-2). Suppose 0 = 5*m - 3*m - 4*y + 108, 0 = 5*y + o. Let w = m + 74. What is the tens digit of w?
1
Suppose n - 79*w - 11921 = -80*w, -3*w - 35775 = -3*n. What is the tens digit of n?
2
Suppose -3*j = 12, -2*f - 5*j = -4*j. Suppose f*s + 2*s - 728 = 0. Suppose 342 = 4*a - s. What is the hundreds digit of a?
1
Suppose -358*a = -63*a - 1032205. What is the thousands digit of a?
3
Let d = 1189 + 5687. What is th